{"id":17921,"date":"2023-12-12T21:57:01","date_gmt":"2023-12-12T20:57:01","guid":{"rendered":"https:\/\/www.komedija.hr\/www\/?page_id=17921"},"modified":"2026-02-22T14:25:31","modified_gmt":"2026-02-22T13:25:31","slug":"krava-na-granici","status":"publish","type":"page","link":"https:\/\/dev.komedija.hr\/www\/repertoar\/krava-na-granici\/","title":{"rendered":"KRAVA NA GRANICI"},"content":{"rendered":"\t\t<div data-elementor-type=\"wp-page\" data-elementor-id=\"17921\" class=\"elementor elementor-17921\">\n\t\t\t\t<div class=\"wd-negative-gap elementor-element elementor-element-287a1f0 e-grid e-con-boxed e-con e-parent\" data-id=\"287a1f0\" data-element_type=\"container\" data-e-type=\"container\">\n\t\t\t\t\t<div class=\"e-con-inner\">\n\t\t\t\t<div class=\"elementor-element elementor-element-29e6800 wd-width-100 elementor-widget elementor-widget-wd_title\" data-id=\"29e6800\" data-element_type=\"widget\" data-e-type=\"widget\" data-widget_type=\"wd_title.default\">\n\t\t\t\t<div class=\"elementor-widget-container\">\n\t\t\t\t\t\t\t<div class=\"title-wrapper wd-set-mb reset-last-child wd-title-color-default wd-title-style-default wd-title-size-default text-center\">\n\n\t\t\t\n\t\t\t<div class=\"liner-continer\">\n\t\t\t\t<h4 class=\"woodmart-title-container title wd-fontsize-l\">Krava na granici<\/h4> \n\t\t\t\t\t\t\t<\/div>\n\n\t\t\t\t\t\t\t<div class=\"title-after_title reset-last-child wd-fontsize-xs\">\n\t\t\t\t\t<p>Raspored predstava:<\/p>\t\t\t\t<\/div>\n\t\t\t\t\t<\/div>\n\t\t\t\t\t\t<\/div>\n\t\t\t\t<\/div>\n\t\t\t\t\t<\/div>\n\t\t\t\t<\/div>\n\t\t<div class=\"wd-negative-gap elementor-element elementor-element-2c5ece7 e-grid e-con-boxed e-con e-parent\" data-id=\"2c5ece7\" data-element_type=\"container\" data-e-type=\"container\">\n\t\t\t\t\t<div class=\"e-con-inner\">\n\t\t\t\t<div class=\"elementor-element elementor-element-d052f7f elementor-widget elementor-widget-wd_text_block\" data-id=\"d052f7f\" data-element_type=\"widget\" data-e-type=\"widget\" data-widget_type=\"wd_text_block.default\">\n\t\t\t\t<div class=\"elementor-widget-container\">\n\t\t\t\t\t\t\t<div class=\"wd-text-block reset-last-child text-left\">\n\t\t\t\n\t\t\t<div class=\"em em-view-container\" id=\"em-view-28005698\" data-view=\"list\">\r\n\t<div class=\"em pixelbones em-list em-events-list\" id=\"em-events-list-28005698\" data-view-id=\"28005698\">\r\n\tNema predstave\t<\/div>\r\n<\/div>\n\t\t\t\t\t<\/div>\n\t\t\t\t\t\t<\/div>\n\t\t\t\t<\/div>\n\t\t\t\t\t<\/div>\n\t\t\t\t<\/div>\n\t\t<div class=\"wd-negative-gap elementor-element elementor-element-de360c1 e-grid e-con-boxed e-con e-parent\" data-id=\"de360c1\" data-element_type=\"container\" data-e-type=\"container\">\n\t\t\t\t\t<div class=\"e-con-inner\">\n\t\t\t\t<div class=\"elementor-element elementor-element-4b092bb e-n-tabs-mobile elementor-widget elementor-widget-n-tabs\" data-id=\"4b092bb\" data-element_type=\"widget\" data-e-type=\"widget\" data-settings=\"{&quot;horizontal_scroll&quot;:&quot;disable&quot;}\" data-widget_type=\"nested-tabs.default\">\n\t\t\t\t\t\t\t<div class=\"e-n-tabs\" data-widget-number=\"78680763\" aria-label=\"Tabulatori. Otvorite stavke pomo\u0107u Enter ili Space, zatvorite pomo\u0107u Escapea i kre\u0107ite se pomo\u0107u tipki sa strelicama.\">\n\t\t\t<div class=\"e-n-tabs-heading\" role=\"tablist\">\n\t\t\t\t\t<button id=\"e-n-tab-title-786807631\" data-tab-title-id=\"e-n-tab-title-786807631\" class=\"e-n-tab-title\" aria-selected=\"true\" data-tab-index=\"1\" role=\"tab\" tabindex=\"0\" aria-controls=\"e-n-tab-content-786807631\" style=\"--n-tabs-title-order: 1;\">\n\t\t\t\t\t\t<span class=\"e-n-tab-title-text\">\n\t\t\t\topis\t\t\t<\/span>\n\t\t<\/button>\n\t\t\t\t<button id=\"e-n-tab-title-786807632\" data-tab-title-id=\"e-n-tab-title-786807632\" class=\"e-n-tab-title\" aria-selected=\"false\" data-tab-index=\"2\" role=\"tab\" tabindex=\"-1\" aria-controls=\"e-n-tab-content-786807632\" style=\"--n-tabs-title-order: 2;\">\n\t\t\t\t\t\t<span class=\"e-n-tab-title-text\">\n\t\t\t\tautorski tim i ansambl\t\t\t<\/span>\n\t\t<\/button>\n\t\t\t\t<button id=\"e-n-tab-title-786807633\" data-tab-title-id=\"e-n-tab-title-786807633\" class=\"e-n-tab-title\" aria-selected=\"false\" data-tab-index=\"3\" role=\"tab\" tabindex=\"-1\" aria-controls=\"e-n-tab-content-786807633\" style=\"--n-tabs-title-order: 3;\">\n\t\t\t\t\t\t<span class=\"e-n-tab-title-text\">\n\t\t\t\tgalerija\t\t\t<\/span>\n\t\t<\/button>\n\t\t\t\t\t<\/div>\n\t\t\t<div class=\"e-n-tabs-content\">\n\t\t\t\t<div id=\"e-n-tab-content-786807631\" role=\"tabpanel\" aria-labelledby=\"e-n-tab-title-786807631\" data-tab-index=\"1\" style=\"--n-tabs-title-order: 1;\" class=\"e-active elementor-element elementor-element-76d7a59 e-con-full e-flex e-con e-child\" data-id=\"76d7a59\" data-element_type=\"container\" data-e-type=\"container\">\n\t\t<div class=\"wd-negative-gap elementor-element elementor-element-b83c46e e-flex e-con-boxed e-con e-child\" data-id=\"b83c46e\" data-element_type=\"container\" data-e-type=\"container\">\n\t\t\t\t\t<div class=\"e-con-inner\">\n\t\t\t\t<div class=\"elementor-element elementor-element-e76fa2f elementor-widget elementor-widget-wd_text_block\" data-id=\"e76fa2f\" data-element_type=\"widget\" data-e-type=\"widget\" data-widget_type=\"wd_text_block.default\">\n\t\t\t\t<div class=\"elementor-widget-container\">\n\t\t\t\t\t\t\t<div class=\"wd-text-block reset-last-child text-left\">\n\t\t\t\n\t\t\t<p>U svojoj novoj komediji Vid Balog nastavlja s veselim i smije\u0161nim doga\u0111ajima iz Podravine, opisuju\u0107i ih kroz \u017eivopisne karaktere i humorne situacije kakve je publika voljela i poznavala i u njegovoj prethodnoj uspje\u0161nici <strong><a href=\"https:\/\/dev.komedija.hr\/www\/arhiva-predstava\/cigle-svete-elizabete\/\">Cigle svete Elizabete<\/a><\/strong>.<\/p><p>Lokalni fakin Goldi iz Zagreba, to\u010dnije iz \u0160panskog, na\u0111e se igrom slu\u010daja na meti opasnih mafija\u0161a \u010diju torbu s novcem odjednom ima u posjedu. Da bi se spasio, bje\u017ei u selo Gotalovo, tamo ga primaju seljani koji, na\u017ealost, imaju i svojih briga. Poku\u0161avaju uloviti odbjeglu ma\u0111arsku kravu, \u0161ampionku svih natjecanja, koja je po nekoj nesre\u0107i odlutala preko granice na njihov teritorij. Kako se predsjednik Ma\u0111arske\u00a0 slikao upravo s tom kravom, njeno hvatanje je od dr\u017eavne va\u017enosti, usprkos svim pote\u0161ko\u0107ama. Lokalni i dr\u017eavni politi\u010dari su u panici za svoje fotelje, a lov na kravu na granici postaje \u017eivotno pitanje.<\/p><p>Naravno, tu su i ljubavne intrige: paralelno pratimo ljubavnu pri\u010du Pepe Kefe i Nad\u0161umara kao i Goldija i pipni\u010darke Ilone. Sve zavr\u0161ava sretno, uz obilje novca iz mafija\u0161ke torbe.<\/p><p>Vid Balog, iako glumac, izvrstan je pisac i komediograf koji neobi\u010dno talentirano pi\u0161e mentalitetne komedije. On izvrsno portretira likove, njegovi su karakteri \u017eivi, dinami\u010dni, bolno prepoznatljivi. Izvrstan je satiri\u010dar, pa sjajno izvla\u010di duhovite bravure kojima hrabro ironizira politi\u010dke malverzacije i sitne igre lokalnih mo\u0107nika.<\/p><p>U opreci ruralnog i urbanog autor duhovito isti\u010de prednosti i slabosti obaju sredina, a mikro svijet sela Gotalovo predstavlja ogledalo dru\u0161tva u cjelini.<\/p><p>Krava na granici je tekst koji je kazali\u0161te Komedija naru\u010dilo od ovog autora, posebice jer je njegova pro\u0161la komedija \u00abCigle svete Elizabete\u00bb bila izuzetno omiljena kod publike i jedna od najuspje\u0161nijih dramskih predstava posljednjih godina.<\/p><p>Vid Balog kao \u010dlan Komedijinog ansambla dobro poznaje glumce za koje pi\u0161e, pa je tako odre\u0111ene karaktere ve\u0107 u samoj ideji prilagodio glumcima koji \u0107e ih igrati.<\/p><p>Dramaturg i redatelj ovog projekta je Damir Lon\u010dar (tako\u0111er i glumi jednu od glavnih uloga) koji dugi niz godina sura\u0111uje s Balogom, a njihova se suradnja na relaciji redatelj \u2013 pisac pokazala izuzetno uspje\u0161nom.<\/p><p>Komedijini glumci s veseljem razigravaju nove dogodov\u0161tine iz Gotalova na radost kazali\u0161ta i publike.<\/p>\n\t\t\t\t\t<\/div>\n\t\t\t\t\t\t<\/div>\n\t\t\t\t<\/div>\n\t\t\t\t\t<\/div>\n\t\t\t\t<\/div>\n\t\t\t\t<\/div>\n\t\t<div id=\"e-n-tab-content-786807632\" role=\"tabpanel\" aria-labelledby=\"e-n-tab-title-786807632\" data-tab-index=\"2\" style=\"--n-tabs-title-order: 2;\" class=\" elementor-element elementor-element-4e37ce0 e-con-full e-flex e-con e-child\" data-id=\"4e37ce0\" data-element_type=\"container\" data-e-type=\"container\">\n\t\t<div class=\"wd-negative-gap elementor-element elementor-element-40992fb e-flex e-con-boxed e-con e-child\" data-id=\"40992fb\" data-element_type=\"container\" data-e-type=\"container\">\n\t\t\t\t\t<div class=\"e-con-inner\">\n\t\t\t\t<div class=\"elementor-element elementor-element-0452c78 elementor-widget elementor-widget-wd_text_block\" data-id=\"0452c78\" data-element_type=\"widget\" data-e-type=\"widget\" data-widget_type=\"wd_text_block.default\">\n\t\t\t\t<div class=\"elementor-widget-container\">\n\t\t\t\t\t\t\t<div class=\"wd-text-block reset-last-child text-left\">\n\t\t\t\n\t\t\t<p>Autor: <strong>Vid Balog<\/strong><br \/>Dramatur\u0161ki obradio: <strong>Damir Lon\u010dar<\/strong><\/p><p>Redatelj: <strong>Damir Lon\u010dar<\/strong><br \/>Scenograf: <strong>Miljenko Sekuli\u0107<\/strong><br \/>Kostimografkinja: <strong>Petra Pavi\u010di\u0107<\/strong><br \/>Skladatelj: <strong>Tomislav Babi\u0107<\/strong><br \/>Korepetitor: <strong>Tomislav Parma\u0107<\/strong><br \/>Oblikovatelj svjetla: <strong>An\u0111elko Kos<\/strong><br \/>Savjetnik za ma\u0111arski jezik: <strong>Pi\u0161ta Filakovi\u0107<\/strong><\/p><p><strong>OSOBE:<\/strong><\/p><p>Ivo Lon\u010dar, dona\u010delnik sela: <a href=\"https:\/\/dev.komedija.hr\/www\/ansambl-2\/glumci\/loncar-damir\/\"><strong>Damir Lon\u010dar<\/strong><\/a><\/p><p>\u017dofa Balog: <a href=\"https:\/\/dev.komedija.hr\/www\/ansambl-2\/glumci\/palic-picukaric-jasna\/\"><strong>Jasna Pali\u0107 Picukari\u0107<\/strong><\/a><\/p><p>Ildika Lon\u010dar: <a href=\"https:\/\/dev.komedija.hr\/www\/ansambl-2\/glumci\/sanja-marin-ozbolt\/\"><strong>Sanja Marin<\/strong><\/a><\/p><p>Nad\u0161umar \u0160tef: <a href=\"https:\/\/dev.komedija.hr\/www\/ansambl-2\/glumci\/davor-svedruzic\/\"><strong>Davor Svedru\u017ei\u0107<\/strong><\/a><\/p><p>Pepa Kefa: <a href=\"https:\/\/dev.komedija.hr\/www\/ansambl-2\/glumci\/ciric-vanja\/\"><strong>Vanja \u0106iri\u0107<\/strong><\/a><\/p><p>Goldi: <strong>Igor Jurini\u0107 \/ <a href=\"https:\/\/dev.komedija.hr\/www\/ansambl-2\/glumci\/jan-kovacic\/\">Jan Kova\u010di\u0107<\/a><\/strong> (od 24. 10. 2024.)<strong><br \/><\/strong><\/p><p>Ilona, pipni\u010darka: <a href=\"https:\/\/dev.komedija.hr\/www\/ansambl-2\/glumci\/vanda-winter\/\"><strong>Vanda Winter<\/strong><\/a><\/p><p>Vladek, vatrogasac: <a href=\"https:\/\/dev.komedija.hr\/www\/ansambl-2\/glumci\/mesin-igor\/\"><strong>Igor Me\u0161in<\/strong><\/a><\/p><p>Jo\u017ea, veterinar: <a href=\"https:\/\/dev.komedija.hr\/www\/ansambl-2\/glumci\/goran-malus\/\"><strong>Goran Malus<\/strong><\/a><\/p><p>Stanko, ribi\u010d: <a href=\"https:\/\/dev.komedija.hr\/www\/ansambl-2\/glumci\/buneta-sasa\/\"><strong>Sa\u0161a Buneta<\/strong><\/a><\/p><p>Go\u0161k, Juraj: <a href=\"https:\/\/dev.komedija.hr\/www\/ansambl-2\/glumci\/ivan-glowatzky\/\"><strong>Ivan Glowatzky<\/strong><\/a><\/p><p>Luka, lovac: <a href=\"https:\/\/dev.komedija.hr\/www\/ansambl-2\/glumci\/ognjen-milovanovic\/\"><strong>Ognjen Milovanovi\u0107<\/strong><\/a><\/p><p>I\u0161tvan, na\u010delnik Gyekenyesa: <a href=\"https:\/\/dev.komedija.hr\/www\/ansambl-2\/glumci\/duvnjak-zeljko\/\"><strong>\u017deljko Duvnjak<\/strong><\/a><\/p><p>Inspicijentica: <strong>Dijana Daj\u010di\u0107<\/strong><\/p><p>\u0160apta\u010dica: <strong>Stela \u017dingerlin<\/strong><\/p><p>Premijera: 24. velja\u010de 2024.<\/p><p>Trajanje: oko 2 h i 15 min; predstava ima jednu stanku<\/p><p>\u00a0<\/p>\n\t\t\t\t\t<\/div>\n\t\t\t\t\t\t<\/div>\n\t\t\t\t<\/div>\n\t\t\t\t\t<\/div>\n\t\t\t\t<\/div>\n\t\t\t\t<\/div>\n\t\t<div id=\"e-n-tab-content-786807633\" role=\"tabpanel\" aria-labelledby=\"e-n-tab-title-786807633\" data-tab-index=\"3\" style=\"--n-tabs-title-order: 3;\" class=\" elementor-element elementor-element-8971a9d e-con-full e-flex e-con e-child\" data-id=\"8971a9d\" data-element_type=\"container\" data-e-type=\"container\">\n\t\t<div class=\"wd-negative-gap elementor-element elementor-element-afb9c3f e-flex e-con-boxed e-con e-child\" data-id=\"afb9c3f\" data-element_type=\"container\" data-e-type=\"container\">\n\t\t\t\t\t<div class=\"e-con-inner\">\n\t\t\t\t<div class=\"elementor-element elementor-element-6990b8a elementor-widget elementor-widget-wd_text_block\" data-id=\"6990b8a\" data-element_type=\"widget\" data-e-type=\"widget\" data-widget_type=\"wd_text_block.default\">\n\t\t\t\t<div class=\"elementor-widget-container\">\n\t\t\t\t\t\t\t<div class=\"wd-text-block reset-last-child text-left\">\n\t\t\t\n\t\t\tngg_shortcode_0_placeholder\n\t\t\t\t\t<\/div>\n\t\t\t\t\t\t<\/div>\n\t\t\t\t<\/div>\n\t\t\t\t\t<\/div>\n\t\t\t\t<\/div>\n\t\t\t\t<\/div>\n\t\t\t\t\t<\/div>\n\t\t<\/div>\n\t\t\t\t\t\t<\/div>\n\t\t\t\t\t<\/div>\n\t\t\t\t<\/div>\n\t\t\t\t<\/div>\n\t\t","protected":false},"excerpt":{"rendered":"<p>Krava na granici Raspored predstava: Nema predstave opis autorski tim i ansambl galerija U svojoj novoj komediji Vid Balog nastavlja<\/p>\n","protected":false},"author":5,"featured_media":18493,"parent":10,"menu_order":0,"comment_status":"closed","ping_status":"closed","template":"","meta":{"ngg_post_thumbnail":0,"footnotes":""},"class_list":["post-17921","page","type-page","status-publish","has-post-thumbnail","hentry"],"_links":{"self":[{"href":"https:\/\/dev.komedija.hr\/www\/wp-json\/wp\/v2\/pages\/17921","targetHints":{"allow":["GET"]}}],"collection":[{"href":"https:\/\/dev.komedija.hr\/www\/wp-json\/wp\/v2\/pages"}],"about":[{"href":"https:\/\/dev.komedija.hr\/www\/wp-json\/wp\/v2\/types\/page"}],"author":[{"embeddable":true,"href":"https:\/\/dev.komedija.hr\/www\/wp-json\/wp\/v2\/users\/5"}],"replies":[{"embeddable":true,"href":"https:\/\/dev.komedija.hr\/www\/wp-json\/wp\/v2\/comments?post=17921"}],"version-history":[{"count":43,"href":"https:\/\/dev.komedija.hr\/www\/wp-json\/wp\/v2\/pages\/17921\/revisions"}],"predecessor-version":[{"id":29278,"href":"https:\/\/dev.komedija.hr\/www\/wp-json\/wp\/v2\/pages\/17921\/revisions\/29278"}],"up":[{"embeddable":true,"href":"https:\/\/dev.komedija.hr\/www\/wp-json\/wp\/v2\/pages\/10"}],"wp:featuredmedia":[{"embeddable":true,"href":"https:\/\/dev.komedija.hr\/www\/wp-json\/wp\/v2\/media\/18493"}],"wp:attachment":[{"href":"https:\/\/dev.komedija.hr\/www\/wp-json\/wp\/v2\/media?parent=17921"}],"curies":[{"name":"wp","href":"https:\/\/api.w.org\/{rel}","templated":true}]}}