{"id":18183,"date":"2024-01-26T16:00:17","date_gmt":"2024-01-26T15:00:17","guid":{"rendered":"https:\/\/www.komedija.hr\/www\/?page_id=18183"},"modified":"2024-04-23T16:49:03","modified_gmt":"2024-04-23T14:49:03","slug":"zapetljani-interesi","status":"publish","type":"page","link":"https:\/\/dev.komedija.hr\/www\/zapetljani-interesi\/","title":{"rendered":"ZAPETLJANI INTERESI"},"content":{"rendered":"<p>Jacinto Benavente y Martinez:<strong> Zapetljani interesi<\/strong>, komedija<br \/>\nPrijevod: <strong>Nikolina \u017didek<\/strong><\/p>\n<p>Redatelj: <strong>Aleksandar \u0160vabi\u0107<\/strong><br \/>\nAsistent redatelja \/ scenski pokret: <strong>Damir Klemeni\u0107<\/strong><br \/>\nDramaturginja: <strong>Nina Bajsi\u0107<\/strong><br \/>\nScenograf: <strong>Matija Bla\u0161kovi\u0107<\/strong><br \/>\nKostimografkinja: <strong>Mirjana Zagorec<br \/>\n<\/strong>Oblikovatelj svjetla: <strong>Martin \u0160atovi\u0107<\/strong><br \/>\nSkladatelj: <strong>Matija Antoli\u0107<\/strong><\/p>\n<p>Uloge:<br \/>\nKrispin: Bernard Tomi\u0107<br \/>\nLeandro: <a href=\"https:\/\/dev.komedija.hr\/www\/ansambl-2\/glumci\/ivan-magud\/\">Ivan Magud<\/a><br \/>\nHarlekin: <a href=\"https:\/\/dev.komedija.hr\/www\/ansambl-2\/glumci\/roko-sikavica\/\">Roko Sikavica<\/a><br \/>\nKapetan: <a href=\"https:\/\/dev.komedija.hr\/www\/ansambl-2\/glumci\/fabijan-pavao-medvesek\/\">Fabijan Pavao Medve\u0161ek<\/a><br \/>\nPul\u010dinela: <a href=\"https:\/\/dev.komedija.hr\/www\/ansambl-2\/pjevaci\/ervin-baucic\/\">Ervin Bau\u010di\u0107<\/a><br \/>\nDoktor: <a href=\"https:\/\/dev.komedija.hr\/www\/ansambl-2\/glumci\/ognjen-milovanovic\/\">Ognjen Milovanovi\u0107<\/a><br \/>\nSirena: <a href=\"https:\/\/dev.komedija.hr\/www\/ansambl-2\/glumci\/kraljevic-ana\/\">Ana Magud<\/a><br \/>\nG\u0111a Pul\u010dinela: <a href=\"https:\/\/dev.komedija.hr\/www\/ansambl-2\/glumci\/ostojic-dubravka\/\">Dubravka Ostoji\u0107<\/a><br \/>\nColombina: <a href=\"https:\/\/dev.komedija.hr\/www\/ansambl-2\/glumci\/ruzica-maurus\/\">Ru\u017eica Maurus<\/a><br \/>\nSilvija: <a href=\"https:\/\/dev.komedija.hr\/www\/ansambl-2\/glumci\/kaic-nina\/\">Nina Kai\u0107 Madi\u0107<\/a><br \/>\nKr\u010dmarica: <a href=\"https:\/\/dev.komedija.hr\/www\/ansambl-2\/glumci\/dajana-culjak\/\">Dajana \u010culjak<\/a><\/p>\n<p>Inspicijentica: Iva Oluji\u0107<\/p>\n<p>Autor ovog teksta, Jacinto Benavente y Martinez, jedan je od najpoznatijih \u0161panjolskih dramati\u010dara dvadesetog stolje\u0107a.&nbsp; Godine 1922. godine dobio je Nobelovu nagradu za knji\u017eevnost, u \u010dijem je obrazlo\u017eenju istaknuto da je dobiva&nbsp; za &#8220;nevjerojatne vje\u0161tine kojima nastavlja najsvjetlije tradicije \u0161panjolske drame&#8221;.<\/p>\n<p><em>Los intereses creados<\/em>&nbsp; najpoznatije i najizvo\u0111enije je njegovo djelo, komedija koja se oslanja na tipove (maske) talijanske commedie dell arte.&nbsp; Ovaj se slavni tekst \u010desto naziva romanti\u010dnom komedijom ili dramedijom, a vrti se oko majstorski ispisanih ljubavnih zapleta, no ne li\u0161ava se ni politi\u010dke i socijalne kritike koja je i do danas aktualna. Radnju vode dva glavna mu\u0161ka lika, lutalice i probisvijeti&nbsp; Leandro i Crispin ( prijatelji, ali zapravo la\u017eni gospodar i sluga) koji, iskori\u0161tavaju\u0107i brojne mane mondenog dru\u0161tva kao \u0161to su pokondirenost, la\u017eni moral i prijetvornost, uspijevaju Leandru priskrbiti \u017eu\u0111enu ljepoticu, a obojici prijeko potreban novac.<\/p>\n<p>Zabavan sadr\u017eaj, brzi dijalozi i kompleksna radnja koja nudi daleko vi\u0161e od tradicionalnog zapleta, \u010dine ovaj komad izuzetno atraktivnim za postavku. Posebno se pogodnim \u010dini njegovo samo naizgled klasi\u010dno okru\u017eenje, to je istinski moderan tekst koji pru\u017ea sjajne mogu\u0107nosti za redateljske intervencije.&nbsp;&nbsp;<\/p>\n<p>Premijera: 20. travnja 2024.<\/p>\n<p>Trajanje: 1 sat i 30 min; predstava nema stanku<\/p>\n<p>KRITIKE:<\/p>\n<p><a href=\"https:\/\/dev.komedija.hr\/www\/wp-content\/uploads\/2024\/04\/Pogledali-smo-Zapetljane-interese.-Nova-Komedijina-predstava-mogla-bi-privuci-neku-novu-drugaciju-publiku.pdf\">Nova Komedijina predstava mogla bi privu\u0107i neku novu, druga\u010diju publiku u teatar na Kaptolu<\/a> (Gea Vlahovi\u0107, Telegram.hr)<\/p>\n<p>&nbsp;<\/p>\n","protected":false},"excerpt":{"rendered":"<p>Jacinto Benavente y Martinez: Zapetljani interesi, komedija Prijevod: Nikolina \u017didek Redatelj: Aleksandar \u0160vabi\u0107 Asistent redatelja \/ scenski pokret: Damir Klemeni\u0107<\/p>\n","protected":false},"author":5,"featured_media":18768,"parent":0,"menu_order":0,"comment_status":"closed","ping_status":"closed","template":"","meta":{"ngg_post_thumbnail":0,"footnotes":""},"class_list":["post-18183","page","type-page","status-publish","has-post-thumbnail","hentry"],"_links":{"self":[{"href":"https:\/\/dev.komedija.hr\/www\/wp-json\/wp\/v2\/pages\/18183","targetHints":{"allow":["GET"]}}],"collection":[{"href":"https:\/\/dev.komedija.hr\/www\/wp-json\/wp\/v2\/pages"}],"about":[{"href":"https:\/\/dev.komedija.hr\/www\/wp-json\/wp\/v2\/types\/page"}],"author":[{"embeddable":true,"href":"https:\/\/dev.komedija.hr\/www\/wp-json\/wp\/v2\/users\/5"}],"replies":[{"embeddable":true,"href":"https:\/\/dev.komedija.hr\/www\/wp-json\/wp\/v2\/comments?post=18183"}],"version-history":[{"count":14,"href":"https:\/\/dev.komedija.hr\/www\/wp-json\/wp\/v2\/pages\/18183\/revisions"}],"predecessor-version":[{"id":18835,"href":"https:\/\/dev.komedija.hr\/www\/wp-json\/wp\/v2\/pages\/18183\/revisions\/18835"}],"wp:featuredmedia":[{"embeddable":true,"href":"https:\/\/dev.komedija.hr\/www\/wp-json\/wp\/v2\/media\/18768"}],"wp:attachment":[{"href":"https:\/\/dev.komedija.hr\/www\/wp-json\/wp\/v2\/media?parent=18183"}],"curies":[{"name":"wp","href":"https:\/\/api.w.org\/{rel}","templated":true}]}}