{"id":1904,"date":"2012-03-13T14:14:28","date_gmt":"2012-03-13T13:14:28","guid":{"rendered":"http:\/\/www.komedija.hr\/web\/?page_id=1904"},"modified":"2022-10-04T15:05:01","modified_gmt":"2022-10-04T13:05:01","slug":"kresimir-batinic","status":"publish","type":"page","link":"https:\/\/dev.komedija.hr\/www\/ansambl-2\/dirigenti\/kresimir-batinic\/","title":{"rendered":"Kre\u0161imir Batini\u0107"},"content":{"rendered":"<table border=\"0\" width=\"100%\">\n<tbody>\n<tr>\n<td><a href=\"http:\/\/www.komedija.hr\/www\/wp-content\/uploads\/2012\/03\/kresimir_batinic.jpg\" target=\"_blank\" rel=\"noopener noreferrer\"><img loading=\"lazy\" decoding=\"async\" class=\"alignnone wp-image-7240 size-medium\" src=\"http:\/\/www.komedija.hr\/www\/wp-content\/uploads\/2012\/03\/kresimir_batinic-200x300.jpg\" alt=\"kresimir_batinic\" width=\"200\" height=\"300\" srcset=\"https:\/\/dev.komedija.hr\/www\/wp-content\/uploads\/2012\/03\/kresimir_batinic-200x300.jpg 200w, https:\/\/dev.komedija.hr\/www\/wp-content\/uploads\/2012\/03\/kresimir_batinic.jpg 533w\" sizes=\"auto, (max-width: 200px) 100vw, 200px\" \/><\/a><\/td>\n<td>Dirigent<\/td>\n<\/tr>\n<tr>\n<td valign=\"top\" width=\"20%\" height=\"25\"><strong>DATUM I MJESTO RO\u0110ENJA<\/strong><\/td>\n<td valign=\"top\" width=\"80%\" height=\"25\">2. travnja 1983., Osijek<\/td>\n<\/tr>\n<tr>\n<td valign=\"top\" width=\"20%\" height=\"25\"><b>ansambl<\/b><\/td>\n<td valign=\"top\" width=\"80%\" height=\"25\">Kazali\u0161te &#8220;Komedija&#8221;, p.p. 428, Zagreb<br \/>\ntel.: +385 (0)1 48 13 200; fax: +385 (0)1 48 12 179<br \/>\ne-mail: <a href=\"mailto:ravnatelj@komedija.hr\">ravnatelj@komedija.hr<\/a><\/td>\n<\/tr>\n<tr>\n<td valign=\"top\" width=\"20%\" height=\"55\"><b>OBRAZOVANJE<\/b><\/td>\n<td valign=\"top\" width=\"80%\" height=\"55\"><i style=\"font-family: inherit; font-size: inherit;\">Prirodoslovno matemati\u010dka gimnazija, Osijek<\/i><\/p>\n<p><i>Glazbena \u0161kola \u201eFranjo Kuha\u010d\u201c , Osijek<\/i> \/ teoretski smijer<\/p>\n<p><i>Visoka \u0161kola za gazbenu umjetnost \u201eIno Mirkovi\u0107\u201c u Lovranu<\/i> \/ odjel dirigiranja u klasi mo. Miroslava Homena<\/p>\n<p><i>Muzi\u010dka akademija u Zagrebu<\/i> \/ odjel dirigiranja u klasi mo. Vjekoslava \u0160uteja<\/p>\n<p><b>akademski muzi\u010dar dirigent i profesor teorijskih glazbenih predmeta<\/b><\/td>\n<\/tr>\n<tr>\n<td valign=\"top\" width=\"20%\" height=\"25\"><b>RADNO ISKUSTVO<\/b><\/td>\n<td valign=\"top\" width=\"80%\" height=\"25\"><i><strong>Gradsko kazali\u0161te TRE\u0160NJA<\/strong>, Zagreb<\/i> (stalni glazbeni suradnik)<\/p>\n<p><strong><i>Umjetni\u010dka akademija u Osijeku<\/i><\/strong> \u2013 studij Glazbene pedagogije<\/p>\n<p><strong><i>Zagreba\u010dko gradsko kazali\u0161te KOMEDIJA<\/i><\/strong> \/ dirigent i korepetitor<\/p>\n<p><i> Ravnatelj ZGK Komedija (2017 &#8211; )<\/i><\/td>\n<\/tr>\n<tr>\n<td colspan=\"2\" valign=\"top\">&nbsp;<\/td>\n<\/tr>\n<tr>\n<td valign=\"top\" width=\"20%\" height=\"24\"><b>PREDSTAVE I KONCERTI<\/b><\/td>\n<td valign=\"top\" width=\"80%\" height=\"24\"><b>Gradsko kazali\u0161te Tre\u0161nja<\/b><\/p>\n<p>LJEPOTICA I ZVIJER, mjuzikl (2006.)<\/p>\n<p>I OPET&#8230; MIFFY, mjuzikl za djecu (2007.)<\/p>\n<p>MIFFY, mjuzikl za djecu (2010.)<\/p>\n<p>SNJEGULJICA I SEDAM PATULJAKA, predstava za djecu (2009.)<\/p>\n<p>&nbsp;<\/p>\n<p><b>Zagreba\u010dko gradsko kazali\u0161te Komedija<\/b><\/p>\n<p><a href=\"http:\/\/www.komedija.hr\/www\/arhiva-predstava\/ruza-na-asfaltu\/\">RU\u017dA NA ASFALTU<\/a>, mjuzikl (2007.) \u2013 dirigent<\/p>\n<p><a href=\"http:\/\/www.komedija.hr\/www\/arhiva-predstava\/sismis-2\/\">\u0160I\u0160MI\u0160<\/a>, opereta (2007.) \u2013 asistent dirigenta<\/p>\n<p><a href=\"http:\/\/www.komedija.hr\/www\/arhiva-predstava\/briljantin\/\">BRILJANTIN<\/a>, mjuzikl (2008.) \u2013 dirigent<\/p>\n<p><a href=\"http:\/\/www.komedija.hr\/www\/arhiva-predstava\/lijepa-helena\/\">LIJEPA HELENA<\/a>, opereta (2009.) \u2013 dirigent<\/p>\n<p>TU\u0110E PJESME, MOJI SNOVI, mjuzikl (2009.) &#8211; dirigent<\/p>\n<p><a href=\"http:\/\/www.komedija.hr\/www\/repertoar\/jalta-jalta\/\">JALTA, JALTA<\/a>, mjuzikl (2010.) \u2013 dirigent<\/p>\n<p><a href=\"http:\/\/www.komedija.hr\/www\/arhiva-predstava\/derdan\/\">\u0110ERDAN<\/a>, opereta (2010.) \u2013 dirigent<\/p>\n<p><a href=\"http:\/\/www.komedija.hr\/www\/arhiva-predstava\/posudi-mi-tenor\/\">POSUDI MI TENOR<\/a>, komedija (2010.) \u2013 glazbeni suradnik<\/p>\n<p><a href=\"http:\/\/www.komedija.hr\/www\/arhiva-predstava\/aida\/\">AIDA<\/a>, mjuzikl (2011.) \u2013 dirigent<\/p>\n<p><a href=\"http:\/\/www.komedija.hr\/www\/arhiva-predstava\/cabaret\/\">CABARET<\/a>, mjuzikl (2012.) \u2013 asistent dirigenta\/dirigent<\/p>\n<p><a href=\"http:\/\/www.komedija.hr\/www\/repertoar\/operetni-express-2-013\/\">OPERETNI EXPRESS 2 013<\/a> (2012.) \u2013 dirigent<\/p>\n<p><a href=\"http:\/\/www.komedija.hr\/www\/repertoar\/monty-pythons-spamalot\/\">MONTY PYTHON&#8217;S SPAMALOT<\/a>, mjuzikl (2013.) \u2013 dirigent<\/p>\n<p><a href=\"http:\/\/www.komedija.hr\/www\/repertoar\/spliski-akvarel\/\">SPLI&#8217;SKI AKVAREL<\/a>, opereta (2014.) \u2013 dirigent<\/p>\n<p><a href=\"http:\/\/www.komedija.hr\/www\/repertoar\/faraon-iz-ilice-je-mrtav\/\">FARAON IZ ILICE JE MRTAV<\/a> (2017.) &#8211; dirigent<\/p>\n<p><a href=\"http:\/\/www.komedija.hr\/www\/repertoar\/grofica-marica\/\"><span style=\"font-family: inherit; font-size: inherit;\">GROFICA MARICA<\/span><\/a>&nbsp;(2019.) &#8211; dirigent<\/p>\n<p><a href=\"https:\/\/dev.komedija.hr\/www\/repertoar\/ljepotica-i-zvijer\/\">LJEPOTICA I ZVIJER<\/a> (2022.) &#8211; dirigent<\/p>\n<p>&nbsp;<\/p>\n<p><b>Zagreba\u010dka filharmonija<\/b><\/p>\n<p>Sergej Ejzen\u0161tejn: KRSTARICA POTEMKIN, njemi film uz gl. pratnju (2013.)<\/p>\n<p>Tjedan glazbe za mlade, <i>Od Lisinskog do Olivera<\/i> (2014.)<\/p>\n<p>Charlie Chaplin: THE KID, njemi film uz gl. pratnju (2014.)<\/p>\n<p>Charlie Chaplin: THE CIRCUS, njemi film uz gl. pratnju (2014.)<\/p>\n<p>Charlie Chaplin: THE KID, njemi film uz gl. pratnju (2015.)<\/p>\n<p>Buster Keaton: THE GENERAL, njemi film uz gl. pratnju (2015.) &#8211;<\/p>\n<p>Tjedan glazbe za mlade, Od operete do rock opere (100% hrvatsko!) (2015.)<\/p>\n<p>Charlie Chaplin: THE IDLE CLASS, njemi film uz gl. pratnju (2016)<\/p>\n<p>Charlie Chaplin: A DOG&#8217;S LIFE, njemi film uz gl. pratnju (2016)<\/p>\n<p>Koncerti na gostovanjima (Sarajevo, \u010cakovec, Zadar, Pazin)<\/p>\n<p>Praizvedba simfoniete \u00abLuminosity\u00bb Maleka Jandalija \u2013 Carnegie Hall, New York (2016)<\/p>\n<p>2Cellos, Score World Tour \u2013 Beograd (Kombak arena), Pula (Arena) (2017)<\/p>\n<p><span style=\"color: #0e0e0e;\"><span lang=\"en-US\">Tri pisma iz Sarajeva \u2013 Goran Bregovi\u0107 i Orkestar za svadbe i sahrane (2017)<\/span><\/span><\/p>\n<p>&nbsp;<\/p>\n<p><b>CANTUS ansambl<\/b><\/p>\n<p>\u201ePutovanje filmskom glazbom\u201c (2014.) \u2013 dirigent<\/p>\n<p>&nbsp;<\/p>\n<p><b>Ansambl Acoustic Project<\/b><\/p>\n<p>\u201ePutovanje filmskom glazbom\u201c (2015.) \u2013 dirigent<\/td>\n<\/tr>\n<\/tbody>\n<\/table>\n","protected":false},"excerpt":{"rendered":"<p>Dirigent DATUM I MJESTO RO\u0110ENJA 2. travnja 1983., Osijek ansambl Kazali\u0161te &#8220;Komedija&#8221;, p.p. 428, Zagreb tel.: +385 (0)1 48 13<\/p>\n","protected":false},"author":3,"featured_media":0,"parent":7025,"menu_order":0,"comment_status":"closed","ping_status":"closed","template":"","meta":{"ngg_post_thumbnail":0,"footnotes":""},"class_list":["post-1904","page","type-page","status-publish","hentry"],"_links":{"self":[{"href":"https:\/\/dev.komedija.hr\/www\/wp-json\/wp\/v2\/pages\/1904","targetHints":{"allow":["GET"]}}],"collection":[{"href":"https:\/\/dev.komedija.hr\/www\/wp-json\/wp\/v2\/pages"}],"about":[{"href":"https:\/\/dev.komedija.hr\/www\/wp-json\/wp\/v2\/types\/page"}],"author":[{"embeddable":true,"href":"https:\/\/dev.komedija.hr\/www\/wp-json\/wp\/v2\/users\/3"}],"replies":[{"embeddable":true,"href":"https:\/\/dev.komedija.hr\/www\/wp-json\/wp\/v2\/comments?post=1904"}],"version-history":[{"count":0,"href":"https:\/\/dev.komedija.hr\/www\/wp-json\/wp\/v2\/pages\/1904\/revisions"}],"up":[{"embeddable":true,"href":"https:\/\/dev.komedija.hr\/www\/wp-json\/wp\/v2\/pages\/7025"}],"wp:attachment":[{"href":"https:\/\/dev.komedija.hr\/www\/wp-json\/wp\/v2\/media?parent=1904"}],"curies":[{"name":"wp","href":"https:\/\/api.w.org\/{rel}","templated":true}]}}