{"id":19482,"date":"2024-10-21T15:25:45","date_gmt":"2024-10-21T13:25:45","guid":{"rendered":"https:\/\/www.komedija.hr\/www\/?page_id=19482"},"modified":"2026-02-22T13:48:13","modified_gmt":"2026-02-22T12:48:13","slug":"balade","status":"publish","type":"page","link":"https:\/\/dev.komedija.hr\/www\/balade\/","title":{"rendered":"BALADE"},"content":{"rendered":"\t\t<div data-elementor-type=\"wp-page\" data-elementor-id=\"19482\" class=\"elementor elementor-19482\">\n\t\t\t\t<div class=\"wd-negative-gap elementor-element elementor-element-3ede3ae e-grid e-con-boxed e-con e-parent\" data-id=\"3ede3ae\" data-element_type=\"container\" data-e-type=\"container\">\n\t\t\t\t\t<div class=\"e-con-inner\">\n\t\t\t\t<div class=\"elementor-element elementor-element-ef20f7c wd-width-100 elementor-widget elementor-widget-wd_title\" data-id=\"ef20f7c\" data-element_type=\"widget\" data-e-type=\"widget\" data-widget_type=\"wd_title.default\">\n\t\t\t\t<div class=\"elementor-widget-container\">\n\t\t\t\t\t\t\t<div class=\"title-wrapper wd-set-mb reset-last-child wd-title-color-default wd-title-style-default wd-title-size-default text-center\">\n\n\t\t\t\n\t\t\t<div class=\"liner-continer\">\n\t\t\t\t<h4 class=\"woodmart-title-container title wd-fontsize-l\">Balade<\/h4> \n\t\t\t\t\t\t\t<\/div>\n\n\t\t\t\t\t\t\t<div class=\"title-after_title reset-last-child wd-fontsize-xs\">\n\t\t\t\t\t<p>Raspored predstava:<\/p>\t\t\t\t<\/div>\n\t\t\t\t\t<\/div>\n\t\t\t\t\t\t<\/div>\n\t\t\t\t<\/div>\n\t\t\t\t\t<\/div>\n\t\t\t\t<\/div>\n\t\t<div class=\"wd-negative-gap elementor-element elementor-element-82d23c9 e-flex e-con-boxed e-con e-parent\" data-id=\"82d23c9\" data-element_type=\"container\" data-e-type=\"container\">\n\t\t\t\t\t<div class=\"e-con-inner\">\n\t\t\t\t<div class=\"elementor-element elementor-element-40af6ee elementor-widget elementor-widget-wd_text_block\" data-id=\"40af6ee\" data-element_type=\"widget\" data-e-type=\"widget\" data-widget_type=\"wd_text_block.default\">\n\t\t\t\t<div class=\"elementor-widget-container\">\n\t\t\t\t\t\t\t<div class=\"wd-text-block reset-last-child text-left\">\n\t\t\t\n\t\t\t<div class=\"em em-view-container\" id=\"em-view-1211866632\" data-view=\"list\">\r\n\t<div class=\"em pixelbones em-list em-events-list\" id=\"em-events-list-1211866632\" data-view-id=\"1211866632\">\r\n\tNema predstave\t<\/div>\r\n<\/div>\n\t\t\t\t\t<\/div>\n\t\t\t\t\t\t<\/div>\n\t\t\t\t<\/div>\n\t\t\t\t\t<\/div>\n\t\t\t\t<\/div>\n\t\t<div class=\"wd-negative-gap elementor-element elementor-element-261c0c06 e-flex e-con-boxed e-con e-parent\" data-id=\"261c0c06\" data-element_type=\"container\" data-e-type=\"container\">\n\t\t\t\t\t<div class=\"e-con-inner\">\n\t\t\t\t<div class=\"elementor-element elementor-element-6fadc873 color-scheme-inherit text-left elementor-widget elementor-widget-text-editor\" data-id=\"6fadc873\" data-element_type=\"widget\" data-e-type=\"widget\" data-widget_type=\"text-editor.default\">\n\t\t\t\t\t\t\t\t\tglazbeno &#8211; poetska predstava, nastala prema zbirci pjesama <em>Balade Petrice Kerempuha<\/em> Miroslava Krle\u017ee\r\n\r\nAdaptirao, uglazbio, re\u017eirao i izvodi: Jan Kova\u010di\u0107\r\n\r\nMentorica: Alma Prica\r\n\r\nKostimografkinja: Mirjana Zagorec\r\n\r\nPredstava je nastala kao ispitna predstava na Akademiji dramske umjetnosti\r\n\r\n&nbsp;\r\n\r\nPremijera: 28. listopada 2024., Klub Kazali\u0161ta Komedija\r\n\r\nTrajanje: cca 40 minuta\r\n\r\n&nbsp;\r\n\r\nPredstava \u201cBalade\u201d nastala je iz diplomskog ispita scenskog govora novog glumca Komedije Jana Kova\u010di\u0107a, koji u njoj glumi, svira i pjeva songove za koje je sam skladao glazbu. Predstava pru\u017ea priliku&nbsp; gledateljima da se u Klubu kazali\u0161ta Komedija uvjere u svestranost ovoga mladog glumca na\u0161eg teatra.\r\n\r\nKoriste\u0107i dijelove <em>Balada Petrice Kerempuha<\/em> Miroslava Krle\u017ee i njegov neponovljivi jezik kojim glavni junak progovara, predstava <em>Balade<\/em> paradoskalno spaja naizgled opre\u010dne pojave. Iako&nbsp; je balada po svojoj definiciji pjesma tu\u017ena, sumorna, elegi\u010dna,&nbsp; \u010dak&nbsp; tragi\u010dna, lik Petrice Keremupha, toga hrvatskog pandana europskom Tillu Eulespiegelu, utjelovljuje veselje, lukavost, \u017eivotnu mudrost&nbsp; i <em>galgen<\/em> humor s kojim se suprotstavlja okrutnim \u017eivotnim pojavnostima. U stalnoj potrazi za osnovnom ljudskom pravicom, bestidno upiru\u0107i prstom u glupost i sramotu nemorala, bez jeftinog sentimentalizma, s gorkim osmijehom na licu, Petrica Kerempuh predstavlja svevremeni bunt maloga \u010dovjeka, koji ne \u017eeli ni\u0161ta doli dostojanstveno, po\u0161teno i, ako mo\u017ee, pomalo sretno \u017eivjeti. Nadamo se da \u0107e to prepoznati i gledatelji ove predstave.\r\n\r\n&nbsp;\r\n<h4>Balade Petrice Kerempuha \u2013 Remek djelo i fenomen iz pera Miroslava Krle\u017ee<\/h4>\r\n&#8220;Balade Petrice Kerempuha&#8221; jedno je od najva\u017enijih djela Miroslava Krle\u017ee i jedan od najistaknutijih knji\u017eevnih fenomena hrvatske knji\u017eevnosti. Ove balade, napisane 1936. godine, sadr\u017ee duboku dru\u0161tvenu i politi\u010dku kritiku, izre\u010denu kroz glas Petrice Kerempuha, pu\u010dkog filozofa i komentatora \u017eivota u Zagrebu i okolici. Krle\u017ea koristi lik Petrice Kerempuha kako bi progovorio o sudbinama potla\u010denih, ljudskom stradanju i povijesnim nepravdama, ali i o otporu i prkosu koji karakteriziraju duh naroda.\r\n\r\nJedan od klju\u010dnih aspekata fenomena &#8220;Balada&#8221; le\u017ei u Krle\u017einom jeziku. Pi\u0161u\u0107i ovo djelo na kajkavskom dijalektu, Krle\u017ea se namjerno udaljio od standardnog jezika knji\u017eevnosti. Taj dijalekt, bogat i slikovit, prenosi autenti\u010dan duh naroda, daju\u0107i djelu posebnu snagu i izra\u017eajnost. Uz to, Krle\u017ea ga vje\u0161to mije\u0161a s idiomima iz ma\u0111arskog, njema\u010dkog, pa i latinskog jezika, stvara vlastite slo\u017eenice i jezi\u010dne tvorbe, pjesni\u010dki sla\u017ee zvonke i iskri\u010dave rime, te neobi\u010dne poetske slike.&nbsp; Sve to \u010dini jedinstven i autenti\u010dan&nbsp; jezik Balada, iznimno originalan, svje\u017e i poeti\u010dan.&nbsp; Kroz jezi\u010dne varijacije i folklorne motive, Krle\u017ea je uspio posti\u0107i jedinstveni spoj pu\u010dke mudrosti, satire i poetskog izraza.\r\n\r\nTematski, balade prikazuju dru\u0161tvene nepravde i povijesne patnje naroda na prostorima Hrvatske, osobito seljaka i malih ljudi koji su vjekovima bili izlo\u017eeni nasilju i ugnjetavanju. Krle\u017ea ih opisuje kao vje\u010dne \u017ertve politi\u010dkih, vojnih i vjerskih sukoba, no istovremeno pokazuje njihov otpor, izdr\u017eljivost i sposobnost pre\u017eivljavanja. Petrica Kerempuh, kao njihov glasnogovornik, simbolizira narodnu mudrost i ironi\u010dan pogled na stvarnost, \u010desto osu\u0111uju\u0107i mo\u0107nike i licemjerje vladaju\u0107ih.\r\n\r\nJedan od najva\u017enijih elemenata &#8220;Balada&#8221; jest njihova univerzalnost. Iako se Krle\u017ea oslanja na povijesne doga\u0111aje i lokalni kontekst, poruke koje prenosi nadilaze vrijeme i prostor. Djelo se mo\u017ee tuma\u010diti kao alegorija univerzalne borbe izme\u0111u potla\u010denih i tla\u010ditelja, \u010dime &#8220;Balade Petrice Kerempuha&#8221; zadobivaju \u0161iri, gotovo globalni zna\u010daj.\r\n\r\nFascinacija Krle\u017einim &#8220;Baladama&#8221; traje i danas. Njihova stilisti\u010dka virtuoznost, inovativna upotreba jezika i duboka dru\u0161tvena anga\u017eiranost \u010dine ih djelom koje izaziva divljenje, dok istovremeno poti\u010de na kriti\u010dko promi\u0161ljanje o povijesti, identitetu i ljudskoj sudbini. &#8220;Balade Petrice Kerempuha&#8221; ostaju simbol knji\u017eevne pobune protiv nepravde i glas neslomljive narodske mudrosti.\r\n\r\nU baladi \u201cKeglovichiana\u201d Krle\u017ea tematizira pad i propast plemi\u0107ke obitelji Keglovi\u0107, koriste\u0107i njihov primjer kao simbol \u0161ireg dru\u0161tvenog raspada i dekadencije vladaju\u0107ih struktura.\r\n\r\nOva propast plemstva ironi\u010dno je opisana kroz niz grotesknih slika i duhovitih aluzija, pri \u010demu Petrica Kerempuh, kao narator, preuzima ulogu narodnog kroni\u010dara koji sarkasti\u010dno promatra plemi\u0107ku degeneraciju. Njihova sudbina simbolizira prolaznost svjetovne mo\u0107i i privilegija, te neumoljivost povijesnih promjena.\r\n\r\nKroz humor, ironiju i jezi\u010dnu virtuoznost, Krle\u017ea pru\u017ea o\u0161tru osudu aristokratske dekadencije, ostavljaju\u0107i univerzalnu poruku o neizbje\u017enosti povijesne pravde. (Nina Kleflin, dramaturginja Kazali\u0161ta Komedija)\r\n\r\n&nbsp;\t\t\t\t\t\t\t\t<\/div>\n\t\t\t\t\t<\/div>\n\t\t\t\t<\/div>\n\t\t\t\t<\/div>\n\t\t","protected":false},"excerpt":{"rendered":"<p>Balade Raspored predstava: DATUM VRIJEME PREDSTAVA ULAZNICE 02.03. , Pon BALADE &#8211; KLUB KAZALI\u0160TA KOMEDIJA Cesar\u010deva 220:00 -21:00 KUPI ULAZNICE<\/p>\n","protected":false},"author":5,"featured_media":19485,"parent":0,"menu_order":0,"comment_status":"closed","ping_status":"closed","template":"","meta":{"ngg_post_thumbnail":0,"footnotes":""},"class_list":["post-19482","page","type-page","status-publish","has-post-thumbnail","hentry"],"_links":{"self":[{"href":"https:\/\/dev.komedija.hr\/www\/wp-json\/wp\/v2\/pages\/19482","targetHints":{"allow":["GET"]}}],"collection":[{"href":"https:\/\/dev.komedija.hr\/www\/wp-json\/wp\/v2\/pages"}],"about":[{"href":"https:\/\/dev.komedija.hr\/www\/wp-json\/wp\/v2\/types\/page"}],"author":[{"embeddable":true,"href":"https:\/\/dev.komedija.hr\/www\/wp-json\/wp\/v2\/users\/5"}],"replies":[{"embeddable":true,"href":"https:\/\/dev.komedija.hr\/www\/wp-json\/wp\/v2\/comments?post=19482"}],"version-history":[{"count":17,"href":"https:\/\/dev.komedija.hr\/www\/wp-json\/wp\/v2\/pages\/19482\/revisions"}],"predecessor-version":[{"id":29279,"href":"https:\/\/dev.komedija.hr\/www\/wp-json\/wp\/v2\/pages\/19482\/revisions\/29279"}],"wp:featuredmedia":[{"embeddable":true,"href":"https:\/\/dev.komedija.hr\/www\/wp-json\/wp\/v2\/media\/19485"}],"wp:attachment":[{"href":"https:\/\/dev.komedija.hr\/www\/wp-json\/wp\/v2\/media?parent=19482"}],"curies":[{"name":"wp","href":"https:\/\/api.w.org\/{rel}","templated":true}]}}