{"id":5133,"date":"2014-05-27T09:40:40","date_gmt":"2014-05-27T07:40:40","guid":{"rendered":"http:\/\/www.komedija.hr\/web\/?page_id=5133"},"modified":"2025-06-11T12:24:48","modified_gmt":"2025-06-11T10:24:48","slug":"ivan-magud","status":"publish","type":"page","link":"https:\/\/dev.komedija.hr\/www\/ansambl-2\/glumci\/ivan-magud\/","title":{"rendered":"Ivan Magud"},"content":{"rendered":"<table border=\"0\" width=\"100%\">\n<tbody>\n<tr>\n<td><a href=\"http:\/\/www.komedija.hr\/www\/wp-content\/uploads\/2014\/05\/ivan_magud-1.jpg\"><img loading=\"lazy\" decoding=\"async\" class=\"alignnone size-medium wp-image-7227\" src=\"http:\/\/www.komedija.hr\/www\/wp-content\/uploads\/2014\/05\/ivan_magud-1-200x300.jpg\" alt=\"ivan_magud\" width=\"200\" height=\"300\" srcset=\"https:\/\/dev.komedija.hr\/www\/wp-content\/uploads\/2014\/05\/ivan_magud-1-200x300.jpg 200w, https:\/\/dev.komedija.hr\/www\/wp-content\/uploads\/2014\/05\/ivan_magud-1.jpg 533w\" sizes=\"auto, (max-width: 200px) 100vw, 200px\" \/><\/a><\/td>\n<td>Glumac<\/td>\n<\/tr>\n<tr>\n<td valign=\"top\" width=\"18%\" height=\"25\"><strong>DATUM I MJESTO RO\u0110ENJA <\/strong><\/td>\n<td valign=\"top\" width=\"82%\" height=\"25\">\n<div align=\"left\">\n<p>&nbsp;<\/p>\n<\/div>\n<\/td>\n<\/tr>\n<tr>\n<td valign=\"top\" width=\"18%\" height=\"25\"><strong>KONTAKT<\/strong><\/td>\n<td valign=\"top\" width=\"82%\" height=\"25\"><a href=\"mailto:propaganda@komedija.hr\">propaganda@komedija.hr<\/a><\/td>\n<\/tr>\n<tr>\n<td valign=\"top\" width=\"18%\" height=\"25\"><strong>OBRAZOVANJE<\/strong><\/td>\n<td valign=\"top\" width=\"82%\" height=\"25\">Akademija dramske umjetnosti u Zagrebu<\/td>\n<\/tr>\n<tr>\n<td valign=\"top\" width=\"18%\" height=\"153\"><strong>KAZALI\u0160TE<\/strong><\/td>\n<td valign=\"top\" width=\"82%\" height=\"153\">Kazali\u0161te Komedija: <strong>Diplomac, Cigle svete Elizabete, Ukro\u0107ena goropadnica, Monty Python&#8217;s Spamalot, Mala kavana, Gospo\u0111ica iz Maksima, Skup, Kneginja \u010darda\u0161a, Narodil se mladi kralj<\/strong> (2016.),&nbsp;<strong>Byron, Gospo\u0111ica iz Maksima, Kneginja \u010darda\u0161a, Talijanski slamnati \u0161e\u0161ir, Revizor, Opet on, Legenda o svetom Muhli, Zaljubljeni Shakespeare, Brat bratu, Mandragola, Treba se znati pona\u0161ati, Velo misto, Zapetljani interesi; Juha bra\u0107e Marx; Ponos i predrasude<br \/>\n<\/strong><\/td>\n<\/tr>\n<tr>\n<td valign=\"top\" width=\"18%\"><strong>FILM<\/strong><\/td>\n<td valign=\"top\" width=\"82%\">&nbsp;<\/td>\n<\/tr>\n<tr>\n<td valign=\"top\" width=\"18%\"><strong>TELEVIZIJA<\/strong><\/td>\n<td valign=\"top\" width=\"82%\">&nbsp;<\/td>\n<\/tr>\n<tr>\n<td valign=\"top\" width=\"18%\"><strong>RADIO <\/strong><\/td>\n<td valign=\"top\" width=\"82%\">&nbsp;<\/td>\n<\/tr>\n<tr>\n<td valign=\"top\" width=\"18%\"><strong>OSTALO<\/strong><\/td>\n<td valign=\"top\" width=\"82%\">&nbsp;<\/td>\n<\/tr>\n<tr>\n<td valign=\"top\" width=\"18%\" height=\"33\"><strong>NAGRADE I PRIZNANJA<\/strong><\/td>\n<td valign=\"top\" width=\"82%\" height=\"33\">&nbsp;<\/td>\n<\/tr>\n<tr>\n<td valign=\"top\" width=\"18%\" height=\"42\"><strong>STATUSI U &#8220;KOMEDIJI&#8221;<\/strong><\/td>\n<td valign=\"top\" width=\"82%\" height=\"42\">Prva premijera: Diplomac,&nbsp; 9.2.2013.<br \/>\nU Komediji zaposlen od 1.5.2014.<\/td>\n<\/tr>\n<\/tbody>\n<\/table>\n","protected":false},"excerpt":{"rendered":"<p>Glumac DATUM I MJESTO RO\u0110ENJA &nbsp; KONTAKT propaganda@komedija.hr OBRAZOVANJE Akademija dramske umjetnosti u Zagrebu KAZALI\u0160TE Kazali\u0161te Komedija: Diplomac, Cigle svete<\/p>\n","protected":false},"author":4,"featured_media":0,"parent":6992,"menu_order":0,"comment_status":"closed","ping_status":"closed","template":"","meta":{"ngg_post_thumbnail":0,"footnotes":""},"class_list":["post-5133","page","type-page","status-publish","hentry"],"_links":{"self":[{"href":"https:\/\/dev.komedija.hr\/www\/wp-json\/wp\/v2\/pages\/5133","targetHints":{"allow":["GET"]}}],"collection":[{"href":"https:\/\/dev.komedija.hr\/www\/wp-json\/wp\/v2\/pages"}],"about":[{"href":"https:\/\/dev.komedija.hr\/www\/wp-json\/wp\/v2\/types\/page"}],"author":[{"embeddable":true,"href":"https:\/\/dev.komedija.hr\/www\/wp-json\/wp\/v2\/users\/4"}],"replies":[{"embeddable":true,"href":"https:\/\/dev.komedija.hr\/www\/wp-json\/wp\/v2\/comments?post=5133"}],"version-history":[{"count":2,"href":"https:\/\/dev.komedija.hr\/www\/wp-json\/wp\/v2\/pages\/5133\/revisions"}],"predecessor-version":[{"id":20882,"href":"https:\/\/dev.komedija.hr\/www\/wp-json\/wp\/v2\/pages\/5133\/revisions\/20882"}],"up":[{"embeddable":true,"href":"https:\/\/dev.komedija.hr\/www\/wp-json\/wp\/v2\/pages\/6992"}],"wp:attachment":[{"href":"https:\/\/dev.komedija.hr\/www\/wp-json\/wp\/v2\/media?parent=5133"}],"curies":[{"name":"wp","href":"https:\/\/api.w.org\/{rel}","templated":true}]}}