{"id":917,"date":"2011-08-02T19:57:16","date_gmt":"2011-08-02T19:57:16","guid":{"rendered":"http:\/\/www.komedija.hr\/web\/?page_id=917"},"modified":"2023-12-11T16:27:45","modified_gmt":"2023-12-11T15:27:45","slug":"bagaric-sandra","status":"publish","type":"page","link":"https:\/\/dev.komedija.hr\/www\/ansambl-2\/pjevaci\/bagaric-sandra\/","title":{"rendered":"Sandra Bagari\u0107"},"content":{"rendered":"<table>\n<tbody>\n<tr>\n<td><a href=\"http:\/\/www.komedija.hr\/www\/wp-content\/uploads\/2011\/08\/sandra_bagaric.jpg\" target=\"_blank\" rel=\"noopener noreferrer\"><img loading=\"lazy\" decoding=\"async\" class=\"alignnone wp-image-7272 size-medium\" src=\"http:\/\/www.komedija.hr\/www\/wp-content\/uploads\/2011\/08\/sandra_bagaric-200x300.jpg\" alt=\"sandra_bagaric\" width=\"200\" height=\"300\" srcset=\"https:\/\/dev.komedija.hr\/www\/wp-content\/uploads\/2011\/08\/sandra_bagaric-200x300.jpg 200w, https:\/\/dev.komedija.hr\/www\/wp-content\/uploads\/2011\/08\/sandra_bagaric.jpg 533w\" sizes=\"auto, (max-width: 200px) 100vw, 200px\" \/><\/a><\/td>\n<td>Operna pjeva\u010dica<\/td>\n<\/tr>\n<tr valign=\"top\">\n<td colspan=\"2\" height=\"20\">&nbsp;<\/td>\n<\/tr>\n<tr>\n<td valign=\"top\" width=\"18%\" height=\"25\"><strong>DATUM I MJESTO RO\u0110ENJA <\/strong><\/td>\n<td valign=\"top\" width=\"\" height=\"25\">\n<div align=\"left\">5. travnja 1974., Zenica, BiH<\/div>\n<\/td>\n<\/tr>\n<tr>\n<td valign=\"top\" width=\"18%\"><b>KONTAKT<\/b><\/td>\n<td valign=\"top\" width=\"\">Mail: <a href=\"mailto:sandra@sandrabagaric.hr\">sandra@sandrabagaric.hr<\/a> i<br \/>\n<a href=\"mailto:sandra.bagaric@yahoo.com\">sandra.bagaric@yahoo.com<br \/>\n<\/a>web stranica:&nbsp;<strong><a href=\"http:\/\/www.sandrabagaric.hr\">www.sandrabagaric.hr<\/a><\/strong><\/td>\n<\/tr>\n<tr>\n<td colspan=\"2\" valign=\"top\">&nbsp;<\/td>\n<\/tr>\n<tr>\n<td valign=\"top\" width=\"18%\" height=\"19\"><strong>OBRAZOVANJE<\/strong><\/td>\n<td valign=\"top\" width=\"82%\" height=\"19\"><strong>Muzi\u010dka akademija Sveu\u010dili\u0161ta u Zagrebu<\/strong><\/td>\n<\/tr>\n<tr>\n<td valign=\"top\" width=\"18%\"><strong>GLAS, KLASA <\/strong><\/td>\n<td valign=\"top\" width=\"82%\">sopran, prof. Ljiljana Molnar-Talaji\u0107<\/td>\n<\/tr>\n<tr>\n<td valign=\"top\" width=\"18%\"><strong>SEMINARI, TE\u010cAJEVI&#8230; <\/strong><\/td>\n<td valign=\"top\" width=\"\">srednje glazbeno obrazovanje &#8211; flauta<\/td>\n<\/tr>\n<tr>\n<td colspan=\"2\" valign=\"top\">&nbsp;<\/td>\n<\/tr>\n<tr>\n<td valign=\"top\" width=\"18%\" height=\"53\"><strong>KAZALI\u0160TE<\/strong><\/td>\n<td valign=\"top\" width=\"\" height=\"53\"><strong>Madame Troubadur,<\/strong> <strong>Grofica Marica, \u0160i\u0161mi\u0161<\/strong>, <strong>Boccaccio, No\u0107 u Veneciji, <\/strong><strong>Kneginja \u010darda\u0161a, Mala Floramye, Tko pjeva zlo ne misli, Lijepa Helena, Jalta, Jalta <\/strong>(2010.)<strong>, Operetni express 2 013 <\/strong>, <strong>Kneginja \u010darda\u0161a<\/strong> (2016.), <strong>Gospo\u0111ica iz Maximea,<\/strong> <strong>Byron, Grofica Marica<\/strong> (2019.), <strong>Alfi Kabiljo: Moji mjuzikli #2; Ljepotica i Zvijer<\/strong><br \/>\n<strong><br \/>\nKod bijelog konja<\/strong> (Narodno gledali\u0161\u010de Maribor), <strong>Ljubavni napitak <\/strong>(HNK Split)<\/td>\n<\/tr>\n<tr>\n<td valign=\"top\" width=\"18%\"><strong>KONCERTI<\/strong><\/td>\n<td valign=\"top\" width=\"82%\">brojni nastupi u zemlji i inozemstvu<\/td>\n<\/tr>\n<tr>\n<td valign=\"top\" width=\"18%\"><strong>TELEVIZIJA<\/strong><\/p>\n<p>(pjeva\u010dica, glumica, voditeljica, \u010dlan \u017eirija)<\/td>\n<td valign=\"top\" width=\"\">Tvoje lice zvu\u010di poznato<br \/>\nZabranjena ljubav<br \/>\nOna ili on<br \/>\nZa srce i du\u0161u<\/td>\n<\/tr>\n<tr>\n<td valign=\"top\" width=\"18%\"><strong>DISKOGRAFIJA:<\/strong><\/p>\n<p>&nbsp;<\/p>\n<p>&nbsp;<\/p>\n<p><strong>VIDEO:<\/strong><\/td>\n<td valign=\"top\" width=\"\">CD BelCante \u201eTeatar marmelade\u201c &nbsp;(Aquarius Records)<br \/>\nCD \u201eAdagio\u201c (Aquarius Records)<br \/>\nCD \u201eAve Maria\u201c (Jutarnji list)<br \/>\nCD \u201eSonata od sna\u201c (Cantus)<strong><a href=\"https:\/\/www.youtube.com\/watch?v=eOAKJnACANo\">Ja ljubim<\/a><br \/>\n<\/strong><strong><a href=\"https:\/\/www.youtube.com\/watch?v=3odoT_BsSpA\">Dalmatino povi\u0161\u0107u pritrujena<\/a><br \/>\n<\/strong><strong><a href=\"https:\/\/www.youtube.com\/watch?v=diAlcrBPx1k\">Habanera<\/a><br \/>\n<\/strong><strong><a href=\"https:\/\/www.youtube.com\/watch?v=sp2k1GYagGw&amp;list=PL8pSRzoeysqEKN488bhSn1sgNMYVJZPpT\">Koncert \u201eLisinski\u201c 2014<\/a><\/strong><\/td>\n<\/tr>\n<tr>\n<td colspan=\"2\" valign=\"top\">&nbsp;<\/td>\n<\/tr>\n<tr>\n<td valign=\"top\" width=\"18%\" height=\"33\"><strong>NAGRADE I PRIZNANJA<\/strong><\/td>\n<td valign=\"top\" width=\"\" height=\"33\">nagrade na srednjo\u0161kolskim natjecanjima solo pjevanja i flaute u zemlji i inozemstvu<\/td>\n<\/tr>\n<tr>\n<td colspan=\"2\" valign=\"top\" height=\"33\"><strong><strong>&nbsp; &nbsp; &nbsp; &nbsp; &nbsp; &nbsp;&nbsp;<\/strong><\/strong><\/td>\n<\/tr>\n<tr>\n<td valign=\"top\" width=\"18%\" height=\"33\"><strong>STATUSI U &#8220;KOMEDIJI&#8221;<\/strong><\/td>\n<td valign=\"top\" width=\"\" height=\"33\">prva premijera 13. srpnja 1994. (Madame Troubadur), stipendistica &#8220;Komedije&#8221; 1994. &#8211; 1996.; zaposlena od 1. rujna 1996.<\/td>\n<\/tr>\n<\/tbody>\n<\/table>\n<p>&nbsp;<\/p>\n","protected":false},"excerpt":{"rendered":"<p>Operna pjeva\u010dica &nbsp; DATUM I MJESTO RO\u0110ENJA 5. travnja 1974., Zenica, BiH KONTAKT Mail: sandra@sandrabagaric.hr i sandra.bagaric@yahoo.com web stranica:&nbsp;www.sandrabagaric.hr &nbsp;<\/p>\n","protected":false},"author":4,"featured_media":0,"parent":7017,"menu_order":0,"comment_status":"closed","ping_status":"closed","template":"","meta":{"ngg_post_thumbnail":0,"footnotes":""},"class_list":["post-917","page","type-page","status-publish","hentry"],"_links":{"self":[{"href":"https:\/\/dev.komedija.hr\/www\/wp-json\/wp\/v2\/pages\/917","targetHints":{"allow":["GET"]}}],"collection":[{"href":"https:\/\/dev.komedija.hr\/www\/wp-json\/wp\/v2\/pages"}],"about":[{"href":"https:\/\/dev.komedija.hr\/www\/wp-json\/wp\/v2\/types\/page"}],"author":[{"embeddable":true,"href":"https:\/\/dev.komedija.hr\/www\/wp-json\/wp\/v2\/users\/4"}],"replies":[{"embeddable":true,"href":"https:\/\/dev.komedija.hr\/www\/wp-json\/wp\/v2\/comments?post=917"}],"version-history":[{"count":2,"href":"https:\/\/dev.komedija.hr\/www\/wp-json\/wp\/v2\/pages\/917\/revisions"}],"predecessor-version":[{"id":17920,"href":"https:\/\/dev.komedija.hr\/www\/wp-json\/wp\/v2\/pages\/917\/revisions\/17920"}],"up":[{"embeddable":true,"href":"https:\/\/dev.komedija.hr\/www\/wp-json\/wp\/v2\/pages\/7017"}],"wp:attachment":[{"href":"https:\/\/dev.komedija.hr\/www\/wp-json\/wp\/v2\/media?parent=917"}],"curies":[{"name":"wp","href":"https:\/\/api.w.org\/{rel}","templated":true}]}}