{"id":930,"date":"2011-08-02T20:06:08","date_gmt":"2011-08-02T18:06:08","guid":{"rendered":"http:\/\/www.komedija.hr\/web\/?page_id=930"},"modified":"2025-06-11T12:43:28","modified_gmt":"2025-06-11T10:43:28","slug":"buneta-sasa","status":"publish","type":"page","link":"https:\/\/dev.komedija.hr\/www\/ansambl-2\/glumci\/buneta-sasa\/","title":{"rendered":"Sa\u0161a Buneta"},"content":{"rendered":"<table border=\"0\" width=\"100%\">\n<tbody>\n<tr>\n<td><a href=\"http:\/\/www.komedija.hr\/www\/wp-content\/uploads\/2011\/08\/sasa_buneta.jpg\" target=\"_blank\" rel=\"noopener noreferrer\"><img loading=\"lazy\" decoding=\"async\" class=\"alignnone wp-image-7299 size-medium\" src=\"http:\/\/www.komedija.hr\/www\/wp-content\/uploads\/2011\/08\/sasa_buneta-200x300.jpg\" alt=\"sasa_buneta\" width=\"200\" height=\"300\" srcset=\"https:\/\/dev.komedija.hr\/www\/wp-content\/uploads\/2011\/08\/sasa_buneta-200x300.jpg 200w, https:\/\/dev.komedija.hr\/www\/wp-content\/uploads\/2011\/08\/sasa_buneta.jpg 533w\" sizes=\"auto, (max-width: 200px) 100vw, 200px\" \/><\/a><\/td>\n<td>Glumac<\/td>\n<\/tr>\n<tr>\n<td valign=\"top\" width=\"18%\" height=\"25\"><strong>DATUM I MJESTO RO\u0110ENJA <\/strong><\/td>\n<td valign=\"top\" width=\"82%\" height=\"25\">\n<div align=\"left\">26. sije\u010dnja 1971., Rijeka<\/div>\n<\/td>\n<\/tr>\n<tr>\n<td valign=\"top\" width=\"18%\" height=\"53\"><strong>ansambl<\/strong><\/td>\n<td valign=\"top\" width=\"82%\" height=\"53\">Kazali\u0161te &#8220;Komedija&#8221;, p.p. 428, Zagreb<br \/>\ntel.: +385 (0)1 48 13 200; fax: +385 (0)1 48 12 179<br \/>\ne-mail: <a href=\"mailto:propaganda@komedija.hr\">propaganda@komedija.hr<\/a><\/td>\n<\/tr>\n<tr>\n<td valign=\"top\" width=\"18%\" height=\"25\"><strong>OBRAZOVANJE<\/strong><\/td>\n<td valign=\"top\" width=\"82%\" height=\"25\">Akademija dramske umjetnosti Sveu\u010dili\u0161ta u Zagrebu<\/td>\n<\/tr>\n<tr>\n<td colspan=\"2\" valign=\"top\">&nbsp;<\/td>\n<\/tr>\n<tr>\n<td valign=\"top\" width=\"18%\" height=\"198\"><strong>KAZALI\u0160TE<\/strong><\/td>\n<td valign=\"top\" width=\"82%\" height=\"198\">ZGK &#8220;Komedija&#8221;: <strong>Pri\u010da s ju\u017ene strane,<\/strong> <strong>Na tri kralja ili kako ho\u0107ete, Gostioni\u010darka, Buba u uhu, Opera za tri gro\u0161a, Veliki manevri u tijesnim ulicama, \u010caruga, Motel Mrak, Svoga tela gospodar, Piaf, San ivanjske no\u0107i, Mali du\u0107an strave, Nemo\u0107nik u pameti, Klupko, Tko pjeva zlo ne misli, Narodil se mladi kralj, Patnje gospodina Mockinpotta, Legalisti, Skidajte se do kraja, Cigle svete Elizabete, Dobri vojak \u0160vejk, \u0110erdan, Da, ministre!, Terapija, terapija!, \u010cisto ludilo, Ukro\u0107ena goropadnica,&nbsp;<strong>Monty Python&#8217;s Spamalot,<\/strong><\/strong> <strong>Dobra du\u0161a iz Se\u010duana, Bljesak zlatnog zuba, Gospo\u0111ica iz Maksima, Talijanski slamnati \u0161e\u0161ir, Revizor, Faraon iz Ilice je mrtav, 39 stepenica, Legenda o svetom Muhli, Zaljubljeni Shakespeare, Mnogo vike niza\u0161to, Velo misto, Jalta, Jalta, Krava na granici; Juha bra\u0107e Marx<br \/>\n<\/strong>ZGK &#8220;Komedija\/INK Pula: <strong>Katina Gvardijanka<\/strong>; ZKM: <strong>U logoru<\/strong>; HKD Rijeka: <strong>An\u0111eli u Americi<\/strong>; &amp;TD: <strong>Kako sada stvari stoje<\/strong>; Akademska scena &#8220;Arka&#8221;: <strong>Pir malogra\u0111ana<\/strong>; HNK Zagreb\/Dubrova\u010dke ljetne igre: <strong>Hamlet<\/strong>; HNK I. pl. Zajca Rijeka: <strong>Vje\u017ebanje \u017eivota<\/strong>; GD &#8220;Auzvinkl&#8221;: <strong>Intima<\/strong>; Mala scena: <strong>Za delfine<\/strong>; Teatar Exit: <strong>Alisa u zemlji kompjutora<\/strong><\/td>\n<\/tr>\n<tr>\n<td valign=\"top\" width=\"18%\" height=\"14\"><strong>FILM<\/strong><\/td>\n<td valign=\"top\" width=\"82%\" height=\"14\"><strong>\u010cetverored<\/strong> (Sedlar), <strong>Nebo &#8211; sateliti<\/strong> (Nola)<\/td>\n<\/tr>\n<tr>\n<td valign=\"top\" width=\"18%\" height=\"20\"><strong>TELEVIZIJA<\/strong><\/td>\n<td valign=\"top\" width=\"82%\" height=\"20\">suradnja s dramskim, obrazovnim, dje\u010djim i zabavnim programom (HTV)<\/td>\n<\/tr>\n<tr>\n<td valign=\"top\" width=\"18%\" height=\"20\"><strong>RADIO<\/strong><\/td>\n<td valign=\"top\" width=\"82%\" height=\"20\">brojne radio drame (Dramski program HR) i radio igre za djecu (Dje\u010dji program HR)<\/td>\n<\/tr>\n<tr>\n<td valign=\"top\" width=\"18%\" height=\"19\"><strong>OSTALO<\/strong><\/td>\n<td valign=\"top\" width=\"82%\" height=\"19\">sudjelovanje u reklamnim spotovima, sinkronizacije animiranih filmova (me\u0111u ostalima Ash u <strong>Pokemonima<\/strong>); trenirao plivanje (PVK Primorje, Rijeka)<\/td>\n<\/tr>\n<tr>\n<td colspan=\"2\" valign=\"top\" height=\"33\">&nbsp;<\/td>\n<\/tr>\n<tr>\n<td valign=\"top\" width=\"18%\" height=\"33\"><strong>NAGRADE I PRIZNANJA<\/strong><\/td>\n<td valign=\"top\" width=\"82%\" height=\"33\"><strong>Rektorova nagrada <\/strong>akademske godine 1994.\/1995. i <strong>Nagrada za najboljeg mladog glumca<\/strong> na festivalu malih scena u Rijeci 1995. za ulogu Jo\u0161ka (Kako sada stvari stoje, ADU\/&amp;TD); <strong>Nominacija za Nagradu hrvatskoga glumi\u0161ta<\/strong> u kategoriji najboljeg mladog glumca za ulogu Manjaka (Gostioni\u010darka) godine 1996.<\/td>\n<\/tr>\n<tr>\n<td colspan=\"2\" valign=\"top\" height=\"33\">&nbsp;<\/td>\n<\/tr>\n<tr>\n<td valign=\"top\" width=\"18%\" height=\"33\"><strong>STATUSI U &#8220;KOMEDIJI&#8221;<\/strong><\/td>\n<td valign=\"top\" width=\"82%\" height=\"33\">prva premijera 31. svibnja 1996. (Gostioni\u010darka); zaposlen od 16. prosinca 1996.<\/td>\n<\/tr>\n<\/tbody>\n<\/table>\n","protected":false},"excerpt":{"rendered":"<p>Glumac DATUM I MJESTO RO\u0110ENJA 26. sije\u010dnja 1971., Rijeka ansambl Kazali\u0161te &#8220;Komedija&#8221;, p.p. 428, Zagreb tel.: +385 (0)1 48 13<\/p>\n","protected":false},"author":4,"featured_media":0,"parent":6992,"menu_order":0,"comment_status":"closed","ping_status":"closed","template":"","meta":{"ngg_post_thumbnail":0,"footnotes":""},"class_list":["post-930","page","type-page","status-publish","hentry"],"_links":{"self":[{"href":"https:\/\/dev.komedija.hr\/www\/wp-json\/wp\/v2\/pages\/930","targetHints":{"allow":["GET"]}}],"collection":[{"href":"https:\/\/dev.komedija.hr\/www\/wp-json\/wp\/v2\/pages"}],"about":[{"href":"https:\/\/dev.komedija.hr\/www\/wp-json\/wp\/v2\/types\/page"}],"author":[{"embeddable":true,"href":"https:\/\/dev.komedija.hr\/www\/wp-json\/wp\/v2\/users\/4"}],"replies":[{"embeddable":true,"href":"https:\/\/dev.komedija.hr\/www\/wp-json\/wp\/v2\/comments?post=930"}],"version-history":[{"count":2,"href":"https:\/\/dev.komedija.hr\/www\/wp-json\/wp\/v2\/pages\/930\/revisions"}],"predecessor-version":[{"id":20897,"href":"https:\/\/dev.komedija.hr\/www\/wp-json\/wp\/v2\/pages\/930\/revisions\/20897"}],"up":[{"embeddable":true,"href":"https:\/\/dev.komedija.hr\/www\/wp-json\/wp\/v2\/pages\/6992"}],"wp:attachment":[{"href":"https:\/\/dev.komedija.hr\/www\/wp-json\/wp\/v2\/media?parent=930"}],"curies":[{"name":"wp","href":"https:\/\/api.w.org\/{rel}","templated":true}]}}