{"id":937,"date":"2011-08-02T20:10:18","date_gmt":"2011-08-02T18:10:18","guid":{"rendered":"http:\/\/www.komedija.hr\/web\/?page_id=937"},"modified":"2019-06-19T12:21:06","modified_gmt":"2019-06-19T10:21:06","slug":"cucek-drazen","status":"publish","type":"page","link":"https:\/\/dev.komedija.hr\/www\/umirovljeni-i-bivsi-clanovi-ansambla\/cucek-drazen\/","title":{"rendered":"Dra\u017een \u010cu\u010dek"},"content":{"rendered":"<table border=\"0\" width=\"100%\">\n<tbody>\n<tr>\n<td><a href=\"http:\/\/www.komedija.hr\/www\/wp-content\/uploads\/2011\/08\/drazen_cucek-1.jpg\" target=\"_blank\" rel=\"noopener noreferrer\"><img loading=\"lazy\" decoding=\"async\" class=\"alignnone wp-image-7210 size-medium\" src=\"http:\/\/www.komedija.hr\/www\/wp-content\/uploads\/2011\/08\/drazen_cucek-1-200x300.jpg\" alt=\"drazen_cucek\" width=\"200\" height=\"300\" srcset=\"https:\/\/dev.komedija.hr\/www\/wp-content\/uploads\/2011\/08\/drazen_cucek-1-200x300.jpg 200w, https:\/\/dev.komedija.hr\/www\/wp-content\/uploads\/2011\/08\/drazen_cucek-1.jpg 533w\" sizes=\"auto, (max-width: 200px) 100vw, 200px\" \/><\/a><\/td>\n<td>Glumac<\/td>\n<\/tr>\n<tr valign=\"top\">\n<td colspan=\"2\" height=\"20\"><\/td>\n<\/tr>\n<tr>\n<td valign=\"top\" width=\"18%\" height=\"25\"><strong>DATUM I MJESTO RO\u0110ENJA <\/strong><\/td>\n<td valign=\"top\" width=\"82%\" height=\"25\">\n<div align=\"left\">15. srpnja 1970., Zagreb<\/div>\n<\/td>\n<\/tr>\n<tr>\n<td valign=\"top\" width=\"18%\"><strong>ansambl<\/strong><\/td>\n<td valign=\"top\" width=\"82%\">Tijardovi\u0107eva 44, Zagreb<br \/>\ntel.: +385 (0)1 38 81 037, fax (Komedija): +385 (0)1 48 12 179<br \/>\nGSM: +385 (0)91 50 32 599<br \/>\ne-mail: <a href=\"mailto:propaganda@komedija.hr\">propaganda@komedija.hr<\/a><\/td>\n<\/tr>\n<tr>\n<td colspan=\"2\" valign=\"top\"><\/td>\n<\/tr>\n<tr>\n<td valign=\"top\" width=\"18%\" height=\"25\"><strong>OBRAZOVANJE<\/strong><\/td>\n<td valign=\"top\" width=\"82%\" height=\"25\"><strong>Akademija dramske umjetnosti Sveu\u010dili\u0161ta u Zagrebu <\/strong><\/td>\n<\/tr>\n<tr>\n<td valign=\"top\" width=\"18%\" height=\"38\"><strong>SEMINARI, TE\u010cAJEVI&#8230; <\/strong><\/td>\n<td valign=\"top\" width=\"82%\" height=\"38\">usavr\u0161avanje u <strong>Hochschule fur Musik und darstellende Kunst<\/strong> u Be\u010du, Austrija (odjel za mjuzikl)<\/td>\n<\/tr>\n<tr>\n<td colspan=\"2\" valign=\"top\"><\/td>\n<\/tr>\n<tr>\n<td valign=\"top\" width=\"18%\"><strong>KAZALI\u0160TE<\/strong><\/td>\n<td valign=\"top\" width=\"82%\">ZGK &#8220;Komedija&#8221;: <strong>Komedija zabuna,<\/strong> <strong>Matija\u0161 Grabancija\u0161 Dijak, Glembajevi\u0107, Crna kraljica, Tajna krapinskega klu\u010da<\/strong>, <strong>Kralj je gol, Buba u uhu, Gospodsko dijete, Opera za tri gro\u0161a, Veliki manevri u tijesnim ulicama, Chicago, Janica i Jean, Grofica Marica, Motel Mrak, Grubijani, Mali du\u0107an strave, Jesus Christ Superstar, Nemo\u0107nik u pameti, Mala Floramye, Tko pjeva zlo ne misli, Piaf, Skidajte se do kraja, San ivanjske no\u0107i, Narodil se mladi kralj, Patnje gospodina Mockinpotta, Sluga dvaju gospodara, Zeleni kakadu Uhva\u0107en u mre\u017eu, Jalta, Jalta, Cabaret,\u00a0<strong>Broadway u Komediji &#8211; Inventura <\/strong><\/strong>(i koautor), <strong>Ukro\u0107ena goropadnica, Monty Python&#8217;s Spamalot, Byron, Talijanski slamnati \u0161e\u0161ir<\/strong>; <strong>Opet on, Jesus ChristSuperstar (2019.)<\/strong><br \/>\nMala scena: <strong>Roda i lisac<\/strong><\/td>\n<\/tr>\n<tr>\n<td valign=\"top\" width=\"18%\" height=\"21\"><strong>TELEVIZIJA<\/strong><\/td>\n<td valign=\"top\" width=\"82%\" height=\"21\">sinkronizacije animiranih filmova (HTV i nezavisne produkcije)<\/td>\n<\/tr>\n<tr>\n<td valign=\"top\" width=\"18%\" height=\"32\"><strong>RADIO <\/strong><\/td>\n<td valign=\"top\" width=\"82%\" height=\"32\">radio drame (Dramski program HR) i radio igre za djecu (Dje\u010dji i obrazovni program HR)<\/td>\n<\/tr>\n<tr>\n<td colspan=\"2\" valign=\"top\"><\/td>\n<\/tr>\n<tr>\n<td valign=\"top\" width=\"18%\" height=\"70\"><strong>NAGRADE I PRIZNANJA<\/strong><\/td>\n<td valign=\"top\" width=\"82%\" height=\"70\"><strong>Nominacija za Nagradu hrvatskog glumi\u0161ta<\/strong> za ulogu kralja Edvarda VIII. (Kralj je gol) 1996. godine, <strong>Nagrada hrvatskog glumi\u0161ta<\/strong> 1998. godine za ulogu gospona Fulira (Tko pjeva zlo ne misli), <strong>Nagrada za gluma\u010dko ostvarenje<\/strong> na &#8220;Danima satire&#8221; 2000. godine za ulogu Tomasa Diaforia (Nemo\u0107nik u pameti);\u00a0<strong>Nagrada hrvatskog glumi\u0161ta<\/strong>\u00a02012. godine za ulogu EMCee-a (Cabaret);\u00a0<strong>Nagrada hrvatskoga glumi\u0161ta <\/strong>2018. godine za najbolju glavnu mu\u0161ku ulogu za ulogu &#8220;Njega&#8221; (Opet on)<\/td>\n<\/tr>\n<tr>\n<td colspan=\"2\" valign=\"top\" height=\"27\"><\/td>\n<\/tr>\n<tr>\n<td valign=\"top\" height=\"37\"><strong>STATUSI U &#8220;KOMEDIJI&#8221;<\/strong><\/td>\n<td valign=\"top\" height=\"37\">prva premijera 11. lipnja 1994. (Kralj je gol), stipendist &#8220;Komedije&#8221; 1994. &#8211; 1995.<br \/>\nZaposlen od 1. listopada 1995. do 17. svibnja 2019.<\/td>\n<\/tr>\n<\/tbody>\n<\/table>\n","protected":false},"excerpt":{"rendered":"<p>Glumac DATUM I MJESTO RO\u0110ENJA 15. srpnja 1970., Zagreb ansambl Tijardovi\u0107eva 44, Zagreb tel.: +385 (0)1 38 81 037, fax<\/p>\n","protected":false},"author":4,"featured_media":0,"parent":8592,"menu_order":0,"comment_status":"closed","ping_status":"closed","template":"","meta":{"ngg_post_thumbnail":0,"footnotes":""},"class_list":["post-937","page","type-page","status-publish","hentry"],"_links":{"self":[{"href":"https:\/\/dev.komedija.hr\/www\/wp-json\/wp\/v2\/pages\/937","targetHints":{"allow":["GET"]}}],"collection":[{"href":"https:\/\/dev.komedija.hr\/www\/wp-json\/wp\/v2\/pages"}],"about":[{"href":"https:\/\/dev.komedija.hr\/www\/wp-json\/wp\/v2\/types\/page"}],"author":[{"embeddable":true,"href":"https:\/\/dev.komedija.hr\/www\/wp-json\/wp\/v2\/users\/4"}],"replies":[{"embeddable":true,"href":"https:\/\/dev.komedija.hr\/www\/wp-json\/wp\/v2\/comments?post=937"}],"version-history":[{"count":0,"href":"https:\/\/dev.komedija.hr\/www\/wp-json\/wp\/v2\/pages\/937\/revisions"}],"up":[{"embeddable":true,"href":"https:\/\/dev.komedija.hr\/www\/wp-json\/wp\/v2\/pages\/8592"}],"wp:attachment":[{"href":"https:\/\/dev.komedija.hr\/www\/wp-json\/wp\/v2\/media?parent=937"}],"curies":[{"name":"wp","href":"https:\/\/api.w.org\/{rel}","templated":true}]}}