{"id":939,"date":"2011-08-02T20:12:01","date_gmt":"2011-08-02T18:12:01","guid":{"rendered":"http:\/\/www.komedija.hr\/web\/?page_id=939"},"modified":"2025-06-11T12:46:56","modified_gmt":"2025-06-11T10:46:56","slug":"ciric-vanja","status":"publish","type":"page","link":"https:\/\/dev.komedija.hr\/www\/ansambl-2\/glumci\/ciric-vanja\/","title":{"rendered":"Vanja \u0106iri\u0107"},"content":{"rendered":"<table border=\"0\" width=\"100%\">\n<tbody>\n<tr>\n<td><a href=\"http:\/\/www.komedija.hr\/www\/wp-content\/uploads\/2011\/08\/vanja_ciric-1.jpg\" target=\"_blank\" rel=\"noopener\"><img loading=\"lazy\" decoding=\"async\" class=\"alignnone wp-image-7305 size-medium\" src=\"http:\/\/www.komedija.hr\/www\/wp-content\/uploads\/2011\/08\/vanja_ciric-1-200x300.jpg\" alt=\"vanja_ciric\" width=\"200\" height=\"300\" srcset=\"https:\/\/dev.komedija.hr\/www\/wp-content\/uploads\/2011\/08\/vanja_ciric-1-200x300.jpg 200w, https:\/\/dev.komedija.hr\/www\/wp-content\/uploads\/2011\/08\/vanja_ciric-1.jpg 533w\" sizes=\"auto, (max-width: 200px) 100vw, 200px\" \/><\/a><\/td>\n<td>Glumica<\/td>\n<\/tr>\n<tr>\n<td valign=\"top\" width=\"18%\" height=\"25\"><strong>DATUM I MJESTO RO\u0110ENJA <\/strong><\/td>\n<td valign=\"top\" width=\"82%\" height=\"25\">\n<div align=\"left\">23. kolovoza 1976., Zagreb<\/div>\n<\/td>\n<\/tr>\n<tr>\n<td valign=\"top\" width=\"18%\"><strong>ansambl<\/strong><\/td>\n<td valign=\"top\" width=\"82%\">Kazali\u0161te &#8220;Komedija&#8221;, p.p. 428, Zagreb<br \/>\ntel.: +385 (0)1 48 13 200; fax: +385 (0)1 48 12 179<br \/>\nGSM: +385 (0)98 454 042<br \/>\ne-mail:&nbsp;<a href=\"mailto:propaganda@komedija.hr\">propaganda@komedija.hr<\/a><\/td>\n<\/tr>\n<tr>\n<td colspan=\"2\" valign=\"top\" height=\"21\">&nbsp;<\/td>\n<\/tr>\n<tr>\n<td valign=\"top\" width=\"18%\" height=\"25\"><strong>OBRAZOVANJE<\/strong><\/td>\n<td valign=\"top\" width=\"82%\" height=\"25\"><strong>Akademija dramske umjetnosti Sveu\u010dili\u0161ta u Zagrebu<\/strong><\/td>\n<\/tr>\n<tr>\n<td valign=\"top\" width=\"18%\" height=\"25\"><strong>SEMINARI, TE\u010cAJEVI&#8230; <\/strong><\/td>\n<td valign=\"top\" width=\"82%\" height=\"25\"><strong>\u0160kola za ritmiku i ples<\/strong>, Zagreb<\/td>\n<\/tr>\n<tr>\n<td colspan=\"2\" valign=\"top\">&nbsp;<\/td>\n<\/tr>\n<tr>\n<td valign=\"top\" width=\"18%\" height=\"163\"><strong>KAZALI\u0160TE<\/strong><\/td>\n<td valign=\"top\" width=\"82%\" height=\"163\">DK &#8220;Gavella&#8221;: <strong>Pelikan<\/strong>; ZKM:<strong> Tri mu\u0161ketira<\/strong>; Teatar Kiklop: <strong>Never more<\/strong>; Teatar Lapsus: <strong>Scapinove spletke,<\/strong> <strong>Dekameron<\/strong>; Dubrova\u010dke ljetne igre: <strong>San Ivanjske no\u0107i,<\/strong> <strong>\u0106elava pjeva\u010dica<\/strong>; ZGK &#8220;Komedija&#8221;: <strong>Na tri kralja ili kako ho\u0107ete,<\/strong> <strong>Isus &#8211; sin \u010dovje\u010dji,<\/strong> <strong>Voza\u010di za sva vremena, \u0160to sve \u010dinimo zbog ljubavi, Opera za tri gro\u0161a, Svoga tela gospodar, Grubijani, Gubec-beg, Piaf, Klupko, San ivanjske no\u0107i, \u010cekaju\u0107i epitaf, Patnje gospodina Mockinpotta, Skidajte se do kraja, Cigle svete Elizabete, Dobri vojak \u0160vejk, Terapija, terapija!, Posudi mi tenor, Diplomac; Dobra du\u0161a iz Se\u010duana; Mala kavana, Skup, Bljesak zlatnog zuba, &nbsp;Vanja i Sonja i Ma\u0161a i Picko, Gospo\u0111ica iz Maksima, Revizor, Tulum u samostanu, Brat bratu; Treba se znati pona\u0161ati; Va\u017eno je zvati se Ernest, Krava na granici, Ponos i predrasude<br \/>\n<\/strong>Makedonski mladinski centar\/Slovensko narodno gledali\u0161\u010de\/Putakaz: <strong>Cezar<\/strong>; Mala scena: Bok, \u010dudovi\u0161te<\/td>\n<\/tr>\n<tr>\n<td valign=\"top\" width=\"18%\" height=\"77\"><strong>NAGRADE I PRIZNANJA<\/strong><\/td>\n<td valign=\"top\" width=\"82%\" height=\"77\"><strong>Nagrada &#8220;Sabrija Biser&#8221; <\/strong>na Danima satire 1998. za najbolju mladu glumicu za ulogu Viole (Na tri kralja ili kako ho\u0107ete); <strong>Marul <\/strong>i <strong>Nagrada Festivala glumca <\/strong>godine 2005. za ulogu Ro\u017ee (Svoga tela gospodar); <strong>Nagrada hrvatskoga glumi\u0161ta<\/strong> 2006. za sporednu \u017eensku ulogu za ulogu Dore Balogh (Cigle svete Elizabete); <strong>Zlatna arena<\/strong> za najbolju \u017eensku ulogu na Pulskom filmskom festivalu 2021. (Plavi cvijet, redatelj Zrinko Ogresta)<\/td>\n<\/tr>\n<\/tbody>\n<\/table>\n","protected":false},"excerpt":{"rendered":"<p>Glumica DATUM I MJESTO RO\u0110ENJA 23. kolovoza 1976., Zagreb ansambl Kazali\u0161te &#8220;Komedija&#8221;, p.p. 428, Zagreb tel.: +385 (0)1 48 13<\/p>\n","protected":false},"author":4,"featured_media":0,"parent":6992,"menu_order":0,"comment_status":"closed","ping_status":"closed","template":"","meta":{"ngg_post_thumbnail":0,"footnotes":""},"class_list":["post-939","page","type-page","status-publish","hentry"],"_links":{"self":[{"href":"https:\/\/dev.komedija.hr\/www\/wp-json\/wp\/v2\/pages\/939","targetHints":{"allow":["GET"]}}],"collection":[{"href":"https:\/\/dev.komedija.hr\/www\/wp-json\/wp\/v2\/pages"}],"about":[{"href":"https:\/\/dev.komedija.hr\/www\/wp-json\/wp\/v2\/types\/page"}],"author":[{"embeddable":true,"href":"https:\/\/dev.komedija.hr\/www\/wp-json\/wp\/v2\/users\/4"}],"replies":[{"embeddable":true,"href":"https:\/\/dev.komedija.hr\/www\/wp-json\/wp\/v2\/comments?post=939"}],"version-history":[{"count":2,"href":"https:\/\/dev.komedija.hr\/www\/wp-json\/wp\/v2\/pages\/939\/revisions"}],"predecessor-version":[{"id":20900,"href":"https:\/\/dev.komedija.hr\/www\/wp-json\/wp\/v2\/pages\/939\/revisions\/20900"}],"up":[{"embeddable":true,"href":"https:\/\/dev.komedija.hr\/www\/wp-json\/wp\/v2\/pages\/6992"}],"wp:attachment":[{"href":"https:\/\/dev.komedija.hr\/www\/wp-json\/wp\/v2\/media?parent=939"}],"curies":[{"name":"wp","href":"https:\/\/api.w.org\/{rel}","templated":true}]}}